 (-1 - 2)*22/(-3). Let b = m - -2. What is the remainder when 71 is divided by b?
23
What is the remainder when 1 is divided by (4 + -2)/4*2?
0
Let s = 493 - 318. Let p = s - 106. Let d = 148 - p. Calculate the remainder when d is divided by 27.
25
Let y = 77 + -25. Suppose -2*j + 3*w + 24 = 0, -31 = -5*w - 11. What is the remainder when y is divided by j?
16
Let f(z) = z**2 + 7. Let a be f(-5). Let s = -9 + a. Calculate the remainder when s is divided by 8.
7
Suppose -2*c + 11 = -3*c. What is the remainder when (-916)/(-28) - 2/(-7) is divided by (c/5 - -1)*-10?
9
Let q(c) = -5*c - 1. Suppose -z - 2*l + 16 = 0, 3*l + 99 = 4*z + 4*l. What is the remainder when z is divided by q(-2)?
8
Let q(h) = h**3 + 8*h**2 + 6*h + 2. Let v(y) = y**2 - 2. Let n be v(-2). Let i = -4 - n. What is the remainder when q(i) is divided by 13?
12
Let i(f) = f**3 + 6*f**2 - 3*f + 5. Calculate the remainder when 178 is divided by i(-5).
43
Let a = -8 - -23. Calculate the remainder when a is divided by 4.
3
Let u be 3*2/3 - -14. Suppose -3*s = o - u, -4*s - 112 = o - 5*o. What is the remainder when o is divided by 14?
11
Let x = -2 + 48. Suppose -5*y = -441 + x. Calculate the remainder when y is divided by 27.
25
Let c = 36 + -25. What is the remainder when c is divided by 10 + 2*6/(-4)?
4
Suppose u = -0*y + 3*y - 416, -421 = -3*y + 2*u. Suppose -y = -3*h - 17. Calculate the remainder when h is divided by (-2)/(-8) + 330/24.
12
Let v(k) = k**2 + 5*k - 8. Let u be v(-7). Suppose o - u*o + 75 = 0. Calculate the remainder when 29 is divided by o.
14
Let j(n) = 14*n**2 - 2*n - 1. Let f(t) = -43*t**3 - 2*t - 1. What is the remainder when f(-1) is divided by j(-1)?
14
Let b(t) = -t + 1. Let r(v) = -v + 5. Let h be r(5). Let k be b(h). Suppose -k = -f + 3*p - p, p - 4 = -f. Calculate the remainder when 7 is divided by f.
1
Suppose -3*a + 5*a - 8 = 0. Calculate the remainder when a is divided by 3.
1
Suppose k = -3*w + 4, 7*k - 2*k - 20 = 4*w. Suppose 2*s + i - 7 = w, 3*s - 2*i = i - 3. What is the remainder when 9 is divided by s?
1
Let x = 36 - 14. What is the remainder when x is divided by 12?
10
Suppose -4*c = -7*c + 135. Let l(p) = p + 18. Calculate the remainder when c is divided by l(-6).
9
Let v(j) = 2*j**2 + 2*j + 2. Let c be v(-2). Let k(u) = 2*u - 3. Suppose -4*t + 1 = -63. Calculate the remainder when t is divided by k(c).
7
Let k = -3 + -8. Let i = -4 - k. Calculate the remainder when 32 is divided by i.
4
Let q be 1615/(-15) + (-2)/6. Let x = q + 162. Let p = x + -37. Calculate the remainder when 50 is divided by p.
16
Let b(n) = -6*n + 2*n**2 - 3*n**2 + 2*n + 3*n**2. Let j be b(3). Let s(u) = u**3 - 6*u**2 + 4*u - 4. What is the remainder when s(j) is divided by 11?
9
Let u(t) = t**3 + 3*t**2 + 5*t + 2. Let p be u(-3). Let c = 0 - p. What is the remainder when 49 is divided by c?
10
Suppose -3*s - 4*g + 75 = 0, 46 = 4*s - g - 35. Suppose -3*p - s = -6*p. Calculate the remainder when 12 is divided by p.
5
Suppose -3*a = -5*p + 36, -2*p + 20 = a - 5*a. Calculate the remainder when 21 is divided by p.
3
Let i(o) = o**3 + 15*o**2 - 3*o - 25. What is the remainder when i(-15) is divided by 8?
4
Let j(k) = k**3 - 8*k**2 + 9*k + 10. Calculate the remainder when j(7) is divided by 7.
3
Let q(z) = 2*z**2 + 10*z - 3. Calculate the remainder when q(-9) is divided by (3 - 2)/(3/54).
15
Suppose -4 = -u - u. Suppose 0 = 4*x + 2*t - 14, 3*x - u*x + 5*t = -1. Calculate the remainder when 13 is divided by x/10 + (-66)/(-10).
6
Let y = 28 + -17. Let l = 5 - y. Let h = l - -15. What is the remainder when 26 is divided by h?
8
Suppose 0 = -o - 0*o + 8. Calculate the remainder when (-1 + 4)/(3/22) is divided by o.
6
Let r = 26 + 2. Calculate the remainder when 79 is divided by r.
23
Let f(d) = -d**2 + 10*d - 7. Calculate the remainder when 54 is divided by f(7).
12
Suppose -o - 440 = 4*o. Let f = o - -125. What is the remainder when f is divided by 10?
7
Let b(k) = 2*k**2 + 2*k - 1. What is the remainder when 4 is divided by b(1)?
1
Let k(l) = 5*l**2 - 2*l + 1. Let j = -94 + 167. What is the remainder when j is divided by k(-2)?
23
Let n = 24 - 45. Calculate the remainder when 43 is divided by (4/(-2) + n)/(-1).
20
Suppose 2*s + 80 = 7*s. Let i = s - 11. Suppose 2*y + 42 = 2*q + i*y, 4*q + 4*y = 76. What is the remainder when q is divided by 8?
7
Let c = 21 + 27. What is the remainder when c is divided by 7?
6
Let i be 18/(-2)*16/(-24). Let d(b) = b + 13. What is the remainder when 75 is divided by d(i)?
18
Suppose -6*r - 3*s + 17 = -2*r, 19 = 4*r + s. Let n(g) = g**3 - 6*g**2 + 6*g - 1. What is the remainder when 15 is divided by n(r)?
3
Let g = 28 - 23. What is the remainder when 7 is divided by g?
2
Let w = -8 - -19. Calculate the remainder when ((-2)/6)/((-1)/93) is divided by w.
9
Suppose 5*t = 349 + 411. Suppose 6*y - 2*y - t = 0. Calculate the remainder when y is divided by 10.
8
Let h(i) = -7*i + 75. Calculate the remainder when 128 is divided by h(6).
29
Let y(a) = -2*a**3 - a**2 - a + 2. Let s be y(-2). Suppose -4*q - 5*x + 48 = -2*q, 4*x = s. Calculate the remainder when 24 - (4/8)/((-2)/12) is divided by q.
13
Suppose 76 = -y + 5*y. Calculate the remainder when 35 is divided by y.
16
Calculate the remainder when 26 is divided by 11/2 - (-9 + 4)/10.
2
Suppose -c - c - w = -75, -3*w = -15. Let s = 18 - 9. What is the remainder when c is divided by s?
8
Suppose -u + 2*h + 14 = 0, -5 = 2*h - h. Let c = -41 - -63. Suppose -4*k + 0*i = u*i - 20, 2*k - i - c = 0. Calculate the remainder when 16 is divided by k.
7
Let v = 63 + -7. What is the remainder when v is divided by 19?
18
Let h(j) = j**2 - 11*j. Let y be h(9). Let m = 40 - y. Let l = 31 + -16. Calculate the remainder when m is divided by l.
13
Suppose -2*t = 12 - 4. Suppose 2*p = 4*p - 24. What is the remainder when (-98)/t + 6/(-4) is divided by p?
11
Let d(x) = -x**3 - 16*x**2 - 15*x + 10. Let p be d(-15). Suppose -a = k + 4*a - p, 4*a = -4. Calculate the remainder when 44 is divided by k.
14
Suppose -5*i + 195 = 5*u, -u - i = -2*u + 29. Let r be 21 - 0 - (-3 - -2). Calculate the remainder when u is divided by r/(-33) - (-38)/3.
10
Suppose 0 = -2*s - 4, -4*b = -b + 5*s - 62. Calculate the remainder when 94 is divided by b.
22
Suppose -5 - 2 = -p - v, -4*v = 5*p - 32. Suppose -p*s = -16 - 76. Calculate the remainder when s is divided by 12.
11
What is the remainder when 11 is divided by (-18)/15*(-2)/(12/15)?
2
Let g be (2/(-4))/(5/(-120)). Suppose 2*d = -0*d + g. What is the remainder when (3 + 47)/2 - 3 is divided by d?
4
Let r(m) = m + 8. Calculate the remainder when 22 is divided by r(0).
6
Suppose c + 1 = 2. Let f(g) = g**2 - 3*g - 3. Let o be (-6)/(-9) + 10/3. Calculate the remainder when f(o) is divided by c.
0
Let u = -1 - -5. Calculate the remainder when u is divided by 4.
0
Let t be ((-8)/(-3))/(1/12). What is the remainder when 11 is divided by t/5 - (-21)/35?
4
Suppose -7*b + 51 = -103. Calculate the remainder when b is divided by 12.
10
Suppose 3*u + 2*r - 26 = 0, -17 = -3*u + r + 6. Let x = 10 + -5. What is the remainder when u is divided by x?
3
Let l(n) = -n + 14. Let m be l(12). Let k(i) = -10*i - 2. Let f(x) = 19*x + 4. Let q(c) = 4*f(c) + 7*k(c). Calculate the remainder when 40 is divided by q(m).
12
Let p(z) = -6*z. Suppose -25 = -v - 2*q, -q = -0*v - 4*v + 91. What is the remainder when v is divided by p(-2)?
11
Let n be (-18)/(-3) - (-1)/(-1). Let r(x) = x**3 - 5*x**2 + 7*x - 4. Calculate the remainder when r(n) is divided by 11.
9
Suppose -2*z + z + 92 = -3*v, 4*z - 360 = 4*v. Calculate the remainder when z is divided by 31.
27
Suppose 2*w + 0*w - 18 = 0. Suppose 0 = -t - 4*y + 42, 2*t + 5*y - 165 = -3*t. Suppose 2*k = -3*k + t. What is the remainder when w is divided by k?
3
Let j(r) = 8*r - 4. Let h(y) = 15*y - 7. Let b(u) = 3*h(u) - 5*j(u). Calculate the remainder when 6 is divided by b(1).
2
Suppose 4*r - 16 = 0, 5*p + 2*r + 2*r - 51 = 0. Suppose -2*o + p*o - 18 = -4*g, 3*g - 4*o = 29. Calculate the remainder when 26 is divided by g.
5
Let r = 35 + -20. Calculate the remainder when 56 is divided by r.
11
Let k be 3 - (1 - (-6)/(-3)). Suppose j - 4 = 0, -3*j + 31 = k*x - 1. Suppose 0 = 2*r - 24 + 8. Calculate the remainder when r is divided by x.
3
Let f(b) = 10*b - 3. What is the remainde